{"id":5814,"date":"2021-10-01T06:10:49","date_gmt":"2021-10-01T06:10:49","guid":{"rendered":"http:\/\/10.40.11.204\/?page_id=5814"},"modified":"2021-10-01T07:16:59","modified_gmt":"2021-10-01T07:16:59","slug":"prezentare","status":"publish","type":"page","link":"http:\/\/banat.rowater.ro\/index.php\/despre-noi\/prezentare\/","title":{"rendered":"Prezentare"},"content":{"rendered":"<p><strong>Administra\u021bia Bazinal\u0103 de Ap\u0103 Banat<\/strong> este sucursal\u0103 cu personalitate juridic\u0103 a <strong>Administra\u021biei Na\u021bionale \u201eApele Rom\u00e2ne&#8221;<\/strong>, care administreaz\u0103 aproape \u00een totalitate apele a dou\u0103 unit\u0103\u021bi administrativ-teritoriale, pe care \u00a0\u00ee\u0219i desf\u0103\u0219oar\u0103 activitatea Sistemul de Gospod\u0103rire a Apelor Timi\u0219 \u00a0(cu sediul \u00een Timi\u0219oara) \u0219i \u00a0Sistemul de Gospod\u0103rire a Apelor Cara\u0219-Severin (cu sediul \u00een Re\u0219i\u0163a).<\/p>\n<p>Institu\u021bia noastr\u0103 are \u00een administrare bazinele hidrografice ale r\u00e2urilor: Aranca, Bega, Bega veche, Timi\u0219, B\u00e2rzava, Moravi\u021ba, Cara\u0219, Nera, Cerna \u0219i a fluviului Dun\u0103rea, par\u021bial. Spa\u021biul Hidrografic Banat este constituit, administrativ, din jude\u0163ele Timi\u015f \u015fi Cara\u015f-Severin (integral), Arad, Gorj \u015fi Mehedin\u0163i (par\u0163ial).<\/p>\n<p>Suprafa\u021ba total\u0103 administrat\u0103 este de 18.393,15 km<sup>2<\/sup>, cu o lungime a re\u021belei hidrografice de 6.705 km.<\/p>\n<p><strong>Administra\u021bia Bazinal\u0103 de Ap\u0103 Banat<\/strong> are urm\u0103toarele atribu\u021bii principale:<\/p>\n<ul>\n<li>Gospod\u0103rirea unitar\u0103, durabil\u0103 a resurselor de ap\u0103 de suprafa\u021ba \u0219i subteran \u0219i protec\u021bia acestora \u00eempotriva epuiz\u0103rii si degrad\u0103rii, precum si reparti\u021bia ra\u021bional\u0103 \u0219i echilibrat\u0103 a acestor resurse.<\/li>\n<li>Administrarea, exploatarea si intre\u021binerea infrastructurii Sistemului de gospod\u0103rire a apelor, aflata in administrarea sa.<\/li>\n<li>Administrarea, exploatarea si intre\u021binerea albiilor minore ale apelor, a cuvetelor lacurilor si bal\u021bilor, in starea lor naturala sau amenajat\u0103, a zonelor umede \u0219i a celor protejate, aflate in patrimoniu.<\/li>\n<li>Administrarea, exploatarea \u0219i intre\u021binerea infrastructurii Sistemului bazinal de veghe hidrologic\u0103 si hidrogeologic\u0103, Sistemului de supraveghere a calit\u0103\u021bii resurselor de ap\u0103.<\/li>\n<li>Asigurarea func\u021biilor de operator bazinal pentru resursele de ap\u0103 de suprafa\u021b\u0103 naturale sau amenajate, indiferent de de\u021bin\u0103torul cu orice titlu al amenaj\u0103rii, \u0219i pentru resursele de ap\u0103 subterane, indiferent de natura lor \u0219i a instala\u021biilor aferente, cu poten\u021bialele lor naturale, cu excep\u021bia resurselor acvatice vii, in condi\u021biile legii, cu excep\u021bia celor prev\u0103zute expres in reglement\u0103rile specifice in vigoare.<\/li>\n<li>Alocarea dreptului de utilizare a resurselor de ap\u0103 de suprafa\u021b\u0103 \u0219i subterane in toate formele sale de utilizare, cu poten\u021bialele lor naturale, cu excep\u021bia resurselor acvatice vii, pe baz\u0103 de abonamente, conform prevederilor Legii apelor nr.107\/1996 cu modific\u0103rile si complet\u0103rile ulterioare.<\/li>\n<li>Ap\u0103rare \u00eempotriva inunda\u021biilor, la nivel bazinal, prin lucr\u0103rile de gospod\u0103rire a apelor aflate in administrarea sa, gestionarea stocului de materiale si mijloace specifice de ap\u0103rare, administreaz\u0103, \u00eentre\u021bine \u0219i asigur\u0103 exploatarea lucr\u0103rilor de gospod\u0103rire a apelor din domeniul public al statului \u0219i cele din domeniul propriu.<\/li>\n<li>Avizarea \u0219i autorizarea din punct de vedere al gospod\u0103ririi apelor a lucr\u0103rilor \u0219i activit\u0103\u021bilor ce se execut\u0103 pe ape.<\/li>\n<li>Realizarea de anuare, sinteze, studii, proiecte, instruc\u021biuni, \u00een domeniul gospod\u0103ririi apelor.<\/li>\n<li>Implementarea, \u00een cadrul Spa\u021biului Hidrografic Banat a Directivelor Uniunii Europene din domeniul apelor.<\/li>\n<\/ul>\n<p>Documentele eliberate de c\u0103tre institu\u021bia noastr\u0103 la cererea persoanelor fizice sau juridice sunt: avize de gospod\u0103rire a apelor, avize de amplasament, permise de traversare, notific\u0103ri \u00eencepere execu\u021bie, autoriza\u021bii de gospod\u0103rire a apelor, notific\u0103ri punere in func\u021biune, consultan\u021be tehnice, transferuri de acte de reglementare, date de calitate, condi\u021bii de calitate, statistic\u0103, r\u0103spuns la adrese oficiale, rapoarte c\u0103tre Prefectur\u0103, Ministerul Mediului, I.S.U.Banat.<\/p>\n<p>Administra\u021bia Bazinal\u0103 de Ap\u0103 Banat are \u00een componen\u021b\u0103 doua subunit\u0103\u021bi:<\/p>\n<ul>\n<li>Sistemul de Gospod\u0103rire a Apelor Timi\u0219<\/li>\n<li>Sistemul de Gospod\u0103rire a Apelor Cara\u0219-Severin<\/li>\n<\/ul>\n<table width=\"100%\">\n<tbody>\n<tr>\n<td><\/td>\n<\/tr>\n<\/tbody>\n<\/table>\n","protected":false},"excerpt":{"rendered":"<p>Administra\u021bia Bazinal\u0103 de Ap\u0103 Banat este sucursal\u0103 cu personalitate juridic\u0103 a Administra\u021biei Na\u021bionale \u201eApele Rom\u00e2ne&#8221;, care administreaz\u0103 aproape \u00een totalitate apele a dou\u0103 unit\u0103\u021bi administrativ-teritoriale, pe care \u00a0\u00ee\u0219i desf\u0103\u0219oar\u0103 activitatea\u2026<\/p>\n","protected":false},"author":2,"featured_media":0,"parent":5811,"menu_order":0,"comment_status":"closed","ping_status":"closed","template":"","meta":{"footnotes":""},"class_list":["post-5814","page","type-page","status-publish","hentry"],"_links":{"self":[{"href":"http:\/\/banat.rowater.ro\/index.php\/wp-json\/wp\/v2\/pages\/5814","targetHints":{"allow":["GET"]}}],"collection":[{"href":"http:\/\/banat.rowater.ro\/index.php\/wp-json\/wp\/v2\/pages"}],"about":[{"href":"http:\/\/banat.rowater.ro\/index.php\/wp-json\/wp\/v2\/types\/page"}],"author":[{"embeddable":true,"href":"http:\/\/banat.rowater.ro\/index.php\/wp-json\/wp\/v2\/users\/2"}],"replies":[{"embeddable":true,"href":"http:\/\/banat.rowater.ro\/index.php\/wp-json\/wp\/v2\/comments?post=5814"}],"version-history":[{"count":7,"href":"http:\/\/banat.rowater.ro\/index.php\/wp-json\/wp\/v2\/pages\/5814\/revisions"}],"predecessor-version":[{"id":5833,"href":"http:\/\/banat.rowater.ro\/index.php\/wp-json\/wp\/v2\/pages\/5814\/revisions\/5833"}],"up":[{"embeddable":true,"href":"http:\/\/banat.rowater.ro\/index.php\/wp-json\/wp\/v2\/pages\/5811"}],"wp:attachment":[{"href":"http:\/\/banat.rowater.ro\/index.php\/wp-json\/wp\/v2\/media?parent=5814"}],"curies":[{"name":"wp","href":"https:\/\/api.w.org\/{rel}","templated":true}]}}