{"id":13740,"date":"2026-03-03T15:00:17","date_gmt":"2026-03-03T13:00:17","guid":{"rendered":"http:\/\/banat.rowater.ro\/?page_id=13740"},"modified":"2026-03-03T15:00:17","modified_gmt":"2026-03-03T13:00:17","slug":"nou-probleme-importante-de-gospodarire-a-apelor-in-sh-banat-2025","status":"publish","type":"page","link":"http:\/\/banat.rowater.ro\/index.php\/consultarea-publicului\/nou-probleme-importante-de-gospodarire-a-apelor-in-sh-banat-2025\/","title":{"rendered":"NOU!!! Probleme Importante de Gospodarire a Apelor in SH BANAT 2025"},"content":{"rendered":"<p><a href=\"http:\/\/banat.rowater.ro\/wp-content\/uploads\/2026\/03\/Probleme-Importante-de-Gospodarirea-Apelor-in-SH-Banat-2025.pdf\">Probleme Importante de Gospodarirea Apelor \u00een SH Banat 2025<\/a><\/p>\n<p><a href=\"http:\/\/banat.rowater.ro\/wp-content\/uploads\/2026\/03\/Chestionar-Probleme-Importante-de-Gospodarire-a-Apelor-in-SH-Banat-2025.pdf\">Chestionar Probleme Importante de Gospod\u0103rire a Apelor \u00een SH Banat 2025<\/a><\/p>\n","protected":false},"excerpt":{"rendered":"<p>Probleme Importante de Gospodarirea Apelor \u00een SH Banat 2025 Chestionar Probleme Importante de Gospod\u0103rire a Apelor \u00een SH Banat 2025<\/p>\n","protected":false},"author":2,"featured_media":0,"parent":5964,"menu_order":0,"comment_status":"closed","ping_status":"closed","template":"","meta":{"footnotes":""},"class_list":["post-13740","page","type-page","status-publish","hentry"],"_links":{"self":[{"href":"http:\/\/banat.rowater.ro\/index.php\/wp-json\/wp\/v2\/pages\/13740","targetHints":{"allow":["GET"]}}],"collection":[{"href":"http:\/\/banat.rowater.ro\/index.php\/wp-json\/wp\/v2\/pages"}],"about":[{"href":"http:\/\/banat.rowater.ro\/index.php\/wp-json\/wp\/v2\/types\/page"}],"author":[{"embeddable":true,"href":"http:\/\/banat.rowater.ro\/index.php\/wp-json\/wp\/v2\/users\/2"}],"replies":[{"embeddable":true,"href":"http:\/\/banat.rowater.ro\/index.php\/wp-json\/wp\/v2\/comments?post=13740"}],"version-history":[{"count":1,"href":"http:\/\/banat.rowater.ro\/index.php\/wp-json\/wp\/v2\/pages\/13740\/revisions"}],"predecessor-version":[{"id":13741,"href":"http:\/\/banat.rowater.ro\/index.php\/wp-json\/wp\/v2\/pages\/13740\/revisions\/13741"}],"up":[{"embeddable":true,"href":"http:\/\/banat.rowater.ro\/index.php\/wp-json\/wp\/v2\/pages\/5964"}],"wp:attachment":[{"href":"http:\/\/banat.rowater.ro\/index.php\/wp-json\/wp\/v2\/media?parent=13740"}],"curies":[{"name":"wp","href":"https:\/\/api.w.org\/{rel}","templated":true}]}}